{"id":1910,"date":"2016-03-10T11:04:11","date_gmt":"2016-03-10T11:04:11","guid":{"rendered":"http:\/\/www.sjoan.com\/?post_type=product&#038;p=1910"},"modified":"2024-04-22T09:23:18","modified_gmt":"2024-04-22T09:23:18","slug":"kalfahlif","status":"publish","type":"product","link":"https:\/\/sjoan.is\/?product=kalfahlif","title":{"rendered":"K\u00e1lfahl\u00edf"},"content":{"rendered":"<p>Allir sem stunda \u00ed\u00fer\u00f3ttir, e\u00f0a hreyfingu, geta nota\u00f0 k\u00e1lfahl\u00edfina fr\u00e1 Cramer en h\u00fan\u00a0veitir stu\u00f0ning til a\u00f0 draga \u00far titringi v\u00f6\u00f0vanna og \u00e1reynslu sem \u00fev\u00ed fylgir. Hl\u00edfin eykur bl\u00f3\u00f0fl\u00e6\u00f0i og dregur ekki \u00ed sig lykt.<\/p>\n<p>S\u00e9rstaklega vins\u00e6lt hj\u00e1 hlaupurum og \u00feeim sem fara \u00fat a\u00f0 ganga.<\/p>\n<p>Selt \u00ed p\u00f6rum.<\/p>\n<p>Kemur \u00ed fj\u00f3rum st\u00e6r\u00f0um.<\/p>\n","protected":false},"excerpt":{"rendered":"<p>Allir sem stunda \u00ed\u00fer\u00f3ttir, e\u00f0a hreyfingu, geta nota\u00f0 k\u00e1lfahl\u00edfina fr\u00e1 Cramer en h\u00fan\u00a0veitir stu\u00f0ning til a\u00f0 draga \u00far titringi v\u00f6\u00f0vanna og \u00e1reynslu sem \u00fev\u00ed fylgir. Hl\u00edfin eykur bl\u00f3\u00f0fl\u00e6\u00f0i og dregur ekki \u00ed sig lykt. S\u00e9rstaklega vins\u00e6lt hj\u00e1 hlaupurum og \u00feeim sem fara \u00fat a\u00f0 ganga. Selt \u00ed p\u00f6rum. Kemur \u00ed fj\u00f3rum st\u00e6r\u00f0um.<\/p>\n","protected":false},"featured_media":25087,"comment_status":"closed","ping_status":"closed","template":"","meta":{"_et_pb_use_builder":"","_et_pb_old_content":"","_et_gb_content_width":""},"product_brand":[],"product_cat":[108,143,113,15],"product_tag":[],"class_list":{"0":"post-1910","1":"product","2":"type-product","3":"status-publish","4":"has-post-thumbnail","6":"product_cat-cramer","7":"product_cat-hlifar","8":"product_cat-sjukravorur","9":"product_cat-allar-vorur","11":"first","12":"instock","13":"taxable","14":"shipping-taxable","15":"purchasable","16":"product-type-variable","17":"has-default-attributes"},"aioseo_notices":[],"jetpack_sharing_enabled":true,"_links":{"self":[{"href":"https:\/\/sjoan.is\/index.php?rest_route=\/wp\/v2\/product\/1910","targetHints":{"allow":["GET"]}}],"collection":[{"href":"https:\/\/sjoan.is\/index.php?rest_route=\/wp\/v2\/product"}],"about":[{"href":"https:\/\/sjoan.is\/index.php?rest_route=\/wp\/v2\/types\/product"}],"replies":[{"embeddable":true,"href":"https:\/\/sjoan.is\/index.php?rest_route=%2Fwp%2Fv2%2Fcomments&post=1910"}],"wp:featuredmedia":[{"embeddable":true,"href":"https:\/\/sjoan.is\/index.php?rest_route=\/wp\/v2\/media\/25087"}],"wp:attachment":[{"href":"https:\/\/sjoan.is\/index.php?rest_route=%2Fwp%2Fv2%2Fmedia&parent=1910"}],"wp:term":[{"taxonomy":"product_brand","embeddable":true,"href":"https:\/\/sjoan.is\/index.php?rest_route=%2Fwp%2Fv2%2Fproduct_brand&post=1910"},{"taxonomy":"product_cat","embeddable":true,"href":"https:\/\/sjoan.is\/index.php?rest_route=%2Fwp%2Fv2%2Fproduct_cat&post=1910"},{"taxonomy":"product_tag","embeddable":true,"href":"https:\/\/sjoan.is\/index.php?rest_route=%2Fwp%2Fv2%2Fproduct_tag&post=1910"}],"curies":[{"name":"wp","href":"https:\/\/api.w.org\/{rel}","templated":true}]}}