{"id":25486,"date":"2020-03-22T23:28:34","date_gmt":"2020-03-22T23:28:34","guid":{"rendered":"https:\/\/sjoan.is\/?post_type=product&#038;p=25486"},"modified":"2023-03-07T21:02:52","modified_gmt":"2023-03-07T21:02:52","slug":"trendy-bolti-tvofaldur","status":"publish","type":"product","link":"https:\/\/sjoan.is\/?product=trendy-bolti-tvofaldur","title":{"rendered":"Trendy bolti &#8211; tv\u00f6faldur"},"content":{"rendered":"<p>Tv\u00f6faldur Trendy bolti, hentar fullkomlega til a\u00f0 vinna \u00e1 trigger punktunum.<\/p>\r\n<p>Tv\u00e6r st\u00e6r\u00f0ir:<\/p>\r\n<ul>\r\n<li>Dupla Hard 16x8cm<\/li>\r\n<li>Dupla Hard XL 24x12cm.<\/li>\r\n<\/ul>\r\n<p>V\u00f6rurnar fr\u00e1 Trendy Sport eru \u00feekktar fyrir mikil g\u00e6\u00f0i enda er Trendy Sport lei\u00f0andi \u00e1 s\u00ednu svi\u00f0i \u00ed Evr\u00f3pu.<\/p>\r\n\r\n<p>&nbsp;<\/p>\r\n","protected":false},"excerpt":{"rendered":"<p>Tv\u00f6faldur Trendy bolti, hentar fullkomlega til a\u00f0 vinna \u00e1 trigger punktunum. Tv\u00e6r st\u00e6r\u00f0ir: Dupla Hard 16x8cm Dupla Hard XL 24x12cm. V\u00f6rurnar fr\u00e1 Trendy Sport eru \u00feekktar fyrir mikil g\u00e6\u00f0i enda er Trendy Sport lei\u00f0andi \u00e1 s\u00ednu svi\u00f0i \u00ed Evr\u00f3pu. &nbsp;<\/p>\n","protected":false},"featured_media":25500,"comment_status":"closed","ping_status":"closed","template":"","meta":{"_et_pb_use_builder":"","_et_pb_old_content":"","_et_gb_content_width":"1080"},"product_brand":[],"product_cat":[258,243,15],"product_tag":[],"class_list":{"0":"post-25486","1":"product","2":"type-product","3":"status-publish","4":"has-post-thumbnail","6":"product_cat-aefingar","7":"product_cat-trendy-sport","8":"product_cat-allar-vorur","10":"first","11":"outofstock","12":"taxable","13":"shipping-taxable","14":"purchasable","15":"product-type-variable","16":"has-default-attributes"},"aioseo_notices":[],"jetpack_sharing_enabled":true,"_links":{"self":[{"href":"https:\/\/sjoan.is\/index.php?rest_route=\/wp\/v2\/product\/25486","targetHints":{"allow":["GET"]}}],"collection":[{"href":"https:\/\/sjoan.is\/index.php?rest_route=\/wp\/v2\/product"}],"about":[{"href":"https:\/\/sjoan.is\/index.php?rest_route=\/wp\/v2\/types\/product"}],"replies":[{"embeddable":true,"href":"https:\/\/sjoan.is\/index.php?rest_route=%2Fwp%2Fv2%2Fcomments&post=25486"}],"wp:featuredmedia":[{"embeddable":true,"href":"https:\/\/sjoan.is\/index.php?rest_route=\/wp\/v2\/media\/25500"}],"wp:attachment":[{"href":"https:\/\/sjoan.is\/index.php?rest_route=%2Fwp%2Fv2%2Fmedia&parent=25486"}],"wp:term":[{"taxonomy":"product_brand","embeddable":true,"href":"https:\/\/sjoan.is\/index.php?rest_route=%2Fwp%2Fv2%2Fproduct_brand&post=25486"},{"taxonomy":"product_cat","embeddable":true,"href":"https:\/\/sjoan.is\/index.php?rest_route=%2Fwp%2Fv2%2Fproduct_cat&post=25486"},{"taxonomy":"product_tag","embeddable":true,"href":"https:\/\/sjoan.is\/index.php?rest_route=%2Fwp%2Fv2%2Fproduct_tag&post=25486"}],"curies":[{"name":"wp","href":"https:\/\/api.w.org\/{rel}","templated":true}]}}