{"id":25573,"date":"2020-03-29T11:27:38","date_gmt":"2020-03-29T11:27:38","guid":{"rendered":"https:\/\/sjoan.is\/?post_type=product&#038;p=25573"},"modified":"2023-03-07T21:32:55","modified_gmt":"2023-03-07T21:32:55","slug":"aefingateygja-105-cm-hringur","status":"publish","type":"product","link":"https:\/\/sjoan.is\/?product=aefingateygja-105-cm-hringur","title":{"rendered":"\u00c6fingateygja 105 cm &#8211; Hringur"},"content":{"rendered":"<p>Fj\u00f6lnota \u00e6fingateygja. Hringur.<\/p>\r\n<p>St\u00e6r\u00f0: 105 cm.<\/p>\r\n<p>Sex styrkleikar: Extra L\u00e9tt (7-15kg), L\u00e9tt (14-27 kg), mi\u00f0lungs (11-29 kg), \u00feung (18-32 kg), extra \u00feung (15-38 kg) og extra extra \u00feung (22-56 kg).<\/p>\r\n<p>V\u00f6rurnar fr\u00e1 Trendy Sport eru \u00feekktar fyrir mikil g\u00e6\u00f0i enda er Trendy Sport lei\u00f0andi \u00e1 s\u00ednu svi\u00f0i \u00ed Evr\u00f3pu.<\/p>\r\n\r\n<p>&nbsp;<\/p>\r\n","protected":false},"excerpt":{"rendered":"<p>Fj\u00f6lnota \u00e6fingateygja. Hringur. St\u00e6r\u00f0: 105 cm. Sex styrkleikar: Extra L\u00e9tt (7-15kg), L\u00e9tt (14-27 kg), mi\u00f0lungs (11-29 kg), \u00feung (18-32 kg), extra \u00feung (15-38 kg) og extra extra \u00feung (22-56 kg). V\u00f6rurnar fr\u00e1 Trendy Sport eru \u00feekktar fyrir mikil g\u00e6\u00f0i enda er Trendy Sport lei\u00f0andi \u00e1 s\u00ednu svi\u00f0i \u00ed Evr\u00f3pu. &nbsp;<\/p>\n","protected":false},"featured_media":25581,"comment_status":"closed","ping_status":"closed","template":"","meta":{"_et_pb_use_builder":"","_et_pb_old_content":"","_et_gb_content_width":"1080"},"product_brand":[],"product_cat":[258,243,15],"product_tag":[],"class_list":{"0":"post-25573","1":"product","2":"type-product","3":"status-publish","4":"has-post-thumbnail","6":"product_cat-aefingar","7":"product_cat-trendy-sport","8":"product_cat-allar-vorur","10":"first","11":"instock","12":"taxable","13":"shipping-taxable","14":"purchasable","15":"product-type-variable","16":"has-default-attributes"},"aioseo_notices":[],"jetpack_sharing_enabled":true,"_links":{"self":[{"href":"https:\/\/sjoan.is\/index.php?rest_route=\/wp\/v2\/product\/25573","targetHints":{"allow":["GET"]}}],"collection":[{"href":"https:\/\/sjoan.is\/index.php?rest_route=\/wp\/v2\/product"}],"about":[{"href":"https:\/\/sjoan.is\/index.php?rest_route=\/wp\/v2\/types\/product"}],"replies":[{"embeddable":true,"href":"https:\/\/sjoan.is\/index.php?rest_route=%2Fwp%2Fv2%2Fcomments&post=25573"}],"wp:featuredmedia":[{"embeddable":true,"href":"https:\/\/sjoan.is\/index.php?rest_route=\/wp\/v2\/media\/25581"}],"wp:attachment":[{"href":"https:\/\/sjoan.is\/index.php?rest_route=%2Fwp%2Fv2%2Fmedia&parent=25573"}],"wp:term":[{"taxonomy":"product_brand","embeddable":true,"href":"https:\/\/sjoan.is\/index.php?rest_route=%2Fwp%2Fv2%2Fproduct_brand&post=25573"},{"taxonomy":"product_cat","embeddable":true,"href":"https:\/\/sjoan.is\/index.php?rest_route=%2Fwp%2Fv2%2Fproduct_cat&post=25573"},{"taxonomy":"product_tag","embeddable":true,"href":"https:\/\/sjoan.is\/index.php?rest_route=%2Fwp%2Fv2%2Fproduct_tag&post=25573"}],"curies":[{"name":"wp","href":"https:\/\/api.w.org\/{rel}","templated":true}]}}