{"id":26214,"date":"2022-08-01T18:57:29","date_gmt":"2022-08-01T18:57:29","guid":{"rendered":"https:\/\/sjoan.is\/?post_type=product&#038;p=26214"},"modified":"2025-08-20T11:21:47","modified_gmt":"2025-08-20T11:21:47","slug":"songbird-lavander-massage-wax","status":"publish","type":"product","link":"https:\/\/sjoan.is\/?product=songbird-lavander-massage-wax","title":{"rendered":"Songbird &#8211; Lavander massage Wax"},"content":{"rendered":"<p>Lavander massage wax er hef\u00f0bundi\u00f0 nuddvax. Ein af vins\u00e6lustu v\u00f6runum fr\u00e1 Songbird. Lavander nuddvaxi\u00f0 er ekki eins st\u00edft og Sport massage Wax \u00feeas gefur ekki eins miki\u00f0 grip og hentar \u00fev\u00ed frekar \u00ed hef\u00f0bundi\u00f0 nudd.<\/p>\n<p>Lavander nuddvaxi\u00f0 inniheldur samsetta franska lavenderol\u00edu en Frakkland er \u00feekkt fyrir h\u00e1g\u00e6\u00f0a ol\u00edur. Lavender gefur r\u00f3andi ilm og er mj\u00f6g hreinsandi og hentar \u00fev\u00ed vel \u00ed dj\u00fapt, r\u00f3andi og afslappandi nudd.<\/p>\n<p>Kemur \u00ed 2 st\u00e6r\u00f0um: 100g og 550g.<\/p>\n<p>Ofn\u00e6misvaldur: Inniheldur m\u00f6ndluol\u00edu.<\/p>\n","protected":false},"excerpt":{"rendered":"<p>Lavander massage wax er hef\u00f0bundi\u00f0 nuddvax. Ein af vins\u00e6lustu v\u00f6runum fr\u00e1 Songbird. Lavander nuddvaxi\u00f0 er ekki eins st\u00edft og Sport massage Wax \u00feeas gefur ekki eins miki\u00f0 grip og hentar \u00fev\u00ed frekar \u00ed hef\u00f0bundi\u00f0 nudd. Lavander nuddvaxi\u00f0 inniheldur samsetta franska lavenderol\u00edu en Frakkland er \u00feekkt fyrir h\u00e1g\u00e6\u00f0a ol\u00edur. Lavender gefur r\u00f3andi ilm og er mj\u00f6g [&hellip;]<\/p>\n","protected":false},"featured_media":26208,"comment_status":"closed","ping_status":"closed","template":"","meta":{"_et_pb_use_builder":"","_et_pb_old_content":"","_et_gb_content_width":""},"product_brand":[],"product_cat":[132,15,14],"product_tag":[],"class_list":{"0":"post-26214","1":"product","2":"type-product","3":"status-publish","4":"has-post-thumbnail","6":"product_cat-nuddvorur","7":"product_cat-allar-vorur","8":"product_cat-songbird","10":"first","11":"instock","12":"taxable","13":"shipping-taxable","14":"purchasable","15":"product-type-variable","16":"has-default-attributes"},"aioseo_notices":[],"jetpack_sharing_enabled":true,"_links":{"self":[{"href":"https:\/\/sjoan.is\/index.php?rest_route=\/wp\/v2\/product\/26214","targetHints":{"allow":["GET"]}}],"collection":[{"href":"https:\/\/sjoan.is\/index.php?rest_route=\/wp\/v2\/product"}],"about":[{"href":"https:\/\/sjoan.is\/index.php?rest_route=\/wp\/v2\/types\/product"}],"replies":[{"embeddable":true,"href":"https:\/\/sjoan.is\/index.php?rest_route=%2Fwp%2Fv2%2Fcomments&post=26214"}],"wp:featuredmedia":[{"embeddable":true,"href":"https:\/\/sjoan.is\/index.php?rest_route=\/wp\/v2\/media\/26208"}],"wp:attachment":[{"href":"https:\/\/sjoan.is\/index.php?rest_route=%2Fwp%2Fv2%2Fmedia&parent=26214"}],"wp:term":[{"taxonomy":"product_brand","embeddable":true,"href":"https:\/\/sjoan.is\/index.php?rest_route=%2Fwp%2Fv2%2Fproduct_brand&post=26214"},{"taxonomy":"product_cat","embeddable":true,"href":"https:\/\/sjoan.is\/index.php?rest_route=%2Fwp%2Fv2%2Fproduct_cat&post=26214"},{"taxonomy":"product_tag","embeddable":true,"href":"https:\/\/sjoan.is\/index.php?rest_route=%2Fwp%2Fv2%2Fproduct_tag&post=26214"}],"curies":[{"name":"wp","href":"https:\/\/api.w.org\/{rel}","templated":true}]}}