{"id":26658,"date":"2023-08-27T11:52:34","date_gmt":"2023-08-27T11:52:34","guid":{"rendered":"https:\/\/sjoan.is\/?post_type=product&#038;p=26658"},"modified":"2025-03-05T08:39:46","modified_gmt":"2025-03-05T08:39:46","slug":"songbird-unscented-liquiwax-pump-500ml","status":"publish","type":"product","link":"https:\/\/sjoan.is\/?product=songbird-unscented-liquiwax-pump-500ml","title":{"rendered":"Songbird &#8211; Unscented Liquiwax Pump 500ml"},"content":{"rendered":"<p>Unscented Liquiwax inniheldur engar ilmkjarnaol\u00edur, en veitir s\u00f6mu virkni og \u00f6nnur Liquiwax fr\u00e1 Songbird.<\/p>\n<p>Vins\u00e6lt hj\u00e1 me\u00f0fer\u00f0ara\u00f0ilum sem kj\u00f3sa Liquiwaxes \u00e1n ilms<\/p>\n<p>Um Liquiwaxin fr\u00e1 Songbird: Liquiwax er seigflj\u00f3tandi \u00fatg\u00e1fa af klass\u00edska nuddvaxinu fr\u00e1 Songbird og kemur me\u00f0 pumpu. \u00dea\u00f0 gefur gott grip en \u00fe\u00f3 sleipara en klass\u00edsku nuddvaxin fr\u00e1 Songbird<\/p>\n<p>Liquiwaxes eru fr\u00e1b\u00e6r valkostur vi\u00f0 nuddvax fyrir \u00fe\u00e1 sem eru a\u00f0 leita a\u00f0 d\u00e6luskammtaraa\u00f0fer\u00f0 og \u00f6rl\u00edti\u00f0 sterkari glidstu\u00f0ul. A\u00f0 auki gefa \u00feeir l\u00faxus raka fyrir l\u00edkamann og eru fr\u00e1b\u00e6rir \u00ed a\u00f0 fjarl\u00e6gja far\u00f0a!<\/p>\n<p>Einnig er til Songbird Sport Liquiwax me\u00f0 pumpu.<\/p>\n","protected":false},"excerpt":{"rendered":"<p>Unscented Liquiwax inniheldur engar ilmkjarnaol\u00edur, en veitir s\u00f6mu virkni og \u00f6nnur Liquiwax fr\u00e1 Songbird. Vins\u00e6lt hj\u00e1 me\u00f0fer\u00f0ara\u00f0ilum sem kj\u00f3sa Liquiwaxes \u00e1n ilms Um Liquiwaxin fr\u00e1 Songbird: Liquiwax er seigflj\u00f3tandi \u00fatg\u00e1fa af klass\u00edska nuddvaxinu fr\u00e1 Songbird og kemur me\u00f0 pumpu. \u00dea\u00f0 gefur gott grip en \u00fe\u00f3 sleipara en klass\u00edsku nuddvaxin fr\u00e1 Songbird Liquiwaxes eru fr\u00e1b\u00e6r valkostur [&hellip;]<\/p>\n","protected":false},"featured_media":26675,"comment_status":"closed","ping_status":"closed","template":"","meta":{"_et_pb_use_builder":"","_et_pb_old_content":"","_et_gb_content_width":""},"product_brand":[],"product_cat":[132,15,14],"product_tag":[],"class_list":{"0":"post-26658","1":"product","2":"type-product","3":"status-publish","4":"has-post-thumbnail","6":"product_cat-nuddvorur","7":"product_cat-allar-vorur","8":"product_cat-songbird","10":"first","11":"instock","12":"taxable","13":"shipping-taxable","14":"purchasable","15":"product-type-variable","16":"has-default-attributes"},"aioseo_notices":[],"jetpack_sharing_enabled":true,"_links":{"self":[{"href":"https:\/\/sjoan.is\/index.php?rest_route=\/wp\/v2\/product\/26658","targetHints":{"allow":["GET"]}}],"collection":[{"href":"https:\/\/sjoan.is\/index.php?rest_route=\/wp\/v2\/product"}],"about":[{"href":"https:\/\/sjoan.is\/index.php?rest_route=\/wp\/v2\/types\/product"}],"replies":[{"embeddable":true,"href":"https:\/\/sjoan.is\/index.php?rest_route=%2Fwp%2Fv2%2Fcomments&post=26658"}],"wp:featuredmedia":[{"embeddable":true,"href":"https:\/\/sjoan.is\/index.php?rest_route=\/wp\/v2\/media\/26675"}],"wp:attachment":[{"href":"https:\/\/sjoan.is\/index.php?rest_route=%2Fwp%2Fv2%2Fmedia&parent=26658"}],"wp:term":[{"taxonomy":"product_brand","embeddable":true,"href":"https:\/\/sjoan.is\/index.php?rest_route=%2Fwp%2Fv2%2Fproduct_brand&post=26658"},{"taxonomy":"product_cat","embeddable":true,"href":"https:\/\/sjoan.is\/index.php?rest_route=%2Fwp%2Fv2%2Fproduct_cat&post=26658"},{"taxonomy":"product_tag","embeddable":true,"href":"https:\/\/sjoan.is\/index.php?rest_route=%2Fwp%2Fv2%2Fproduct_tag&post=26658"}],"curies":[{"name":"wp","href":"https:\/\/api.w.org\/{rel}","templated":true}]}}